a + 18 = 3. Calculate the remainder when i(b) is divided by 16.
14
Suppose -3*m = -5*m + 158. Let j = 87 - m. Calculate the remainder when 23 is divided by j.
7
Let k = -441 + 458. Let a = -115 + 197. Calculate the remainder when a is divided by k.
14
Let u(r) = -54*r + 141. Calculate the remainder when u(-8) is divided by 41.
40
Let g(b) = 3*b**2 - 5*b + 7. Let h = 10 + -6. Calculate the remainder when 103 is divided by g(h).
33
Let j(y) = -3*y - 5. Let s be j(-4). Let h = s - 6. Calculate the remainder when 55 is divided by h + 12 + (-2 - -3).
13
Suppose -5*x = -3*c + 27, -3*x = c + 12 + 7. Let g = 33 + -21. What is the remainder when (0 - x/4)*14 is divided by g?
9
Let s be 0/(10/(15/(-3))). Suppose 15*d - 12*d - 60 = s. What is the remainder when 78 is divided by d?
18
Let j = -1941 - -3379. Calculate the remainder when j is divided by 15.
13
Let v = -541 - -548. What is the remainder when 370 is divided by v?
6
Suppose -j + 2*m + 115 = 6, -2*j = -m - 206. Calculate the remainder when j is divided by 51.
50
Suppose -272 = -4*p - t, -61*t + 58*t + 79 = p. Calculate the remainder when p is divided by 38.
29
Let k = -298 - -538. Suppose 2*o = 6*o - k. Suppose -o + 14 = -2*l. Calculate the remainder when 68 is divided by l.
22
Suppose -950 = -3*s + m, 49*s - 1590 = 44*s - 5*m. What is the remainder when s is divided by 29?
27
Let m = -7 + 19. What is the remainder when 34 is divided by m?
10
Let x(t) = 2*t**2 + 6*t + 6. Suppose 5*f - r + 25 = 0, -4*f - r - 30 = -1. Calculate the remainder when 167 is divided by x(f).
41
Let a = -540 - -548. Calculate the remainder when 93 is divided by a.
5
Let g = 404 - 403. Let b be (-34)/4 - 1/(-2). Calculate the remainder when 38 is divided by 16*(g + (-2)/b).
18
Calculate the remainder when 340 is divided by 664/30 + (-13 - 3667/(-285)).
10
Let d = 37 + -19. Let q = -11 - -15. Suppose -q*m = 115 - 319. Calculate the remainder when m is divided by d.
15
Suppose 6*j - 1369 = 1385. What is the remainder when j is divided by 66?
63
Suppose -5*q + 7*q = -5*g + 27, 0 = -4*q - 3*g + 75. Let n = -3 + 4. What is the remainder when q is divided by n + 0 - -1*5?
3
Let r(b) = -b + 19. Suppose -3*h + v = 86, 2*v - 60 = 2*h + 4*v. Let k = -24 - h. Calculate the remainder when 53 is divided by r(k).
11
Let q = -36 + 32. Let m = 14 - q. Calculate the remainder when 35 is divided by m.
17
Suppose 8*z - 38 = 4*z - 2*w, 0 = -w - 1. Suppose -2*x + 30 = -z. Suppose 4*r = -5*o + 8, 3*o - 1 = 3*r - 34. What is the remainder when x is divided by r?
6
Let m = 87 - 61. What is the remainder when m is divided by 3/(-12) - 148/(-16)?
8
Suppose 5*m = 108 + 12. Calculate the remainder when m is divided by (-8)/10*(-1 - 528/32).
10
Suppose 16*w = 5*w + 187. Calculate the remainder when 150 is divided by w.
14
Suppose t + 5*f - 85 = 0, 2*t - 412*f = -408*f + 226. Suppose -29 = -c - 11. Calculate the remainder when t is divided by c.
15
Suppose 0 = 450*o - 463*o + 2288. What is the remainder when o is divided by 59?
58
Suppose 4*p + 4*t - 60 = 192, 0 = -3*p + 4*t + 161. What is the remainder when p is divided by 23?
13
Let g = -1496 + 1558. What is the remainder when 73 is divided by g?
11
Let o(a) = a + 9. Calculate the remainder when 43/(-3)*(-2 + -1) is divided by o(6).
13
Let q(r) = -r - 2. Let v be q(-2). Suppose v = t + t - 12. Suppose 3*u - 15 = t. What is the remainder when 23 is divided by u?
2
Let m(q) = q + 6. Let g = 4 - 8. Let l be m(g). Suppose -2*a + 3 = 3*s - 0, -l = -2*s - 4*a. Calculate the remainder when 2 is divided by s.
0
Let v = -72 + 118. Calculate the remainder when 81 is divided by v.
35
Let k be -3 - -2 - (-42)/2. Suppose b = 5*q - 36, b = -4*b + k. Let m = -5 + q. Calculate the remainder when 8 is divided by m.
2
Suppose -y + 5*i + 51 = -39, 5*y - 5*i - 450 = 0. Calculate the remainder when y is divided by 32.
26
Let g(h) = -15*h + 5. Let f be g(-2). Let a = -19 + f. Suppose 19*s = a*s + 6. Calculate the remainder when s is divided by 2.
0
Let s(b) = 12*b - 3. Let g(u) = 3*u - 2. Let r(h) = -18*h + 12. Let o(t) = 39*g(t) + 6*r(t). What is the remainder when s(5) is divided by o(4)?
27
Let f = -19 + 22. Suppose 0 = z - 0*z + 2*y - 6, -4*y = -z + 6. Let d = -5 + z. What is the remainder when f is divided by d?
0
Let u(g) = 45*g**2 - 347*g - 10. Calculate the remainder when 843 is divided by u(8).
91
Let b(g) = -g**2 + 13*g. Suppose 3*j = -5*k + 43, 3*j - 4*k = 5*j - 30. What is the remainder when b(j) is divided by 6?
4
Calculate the remainder when ((-174)/116)/((-6)/844) is divided by 32.
19
Let p = 35 + -33. Let h(i) = 0*i + 4*i - 3*i + 7. What is the remainder when p is divided by h(-5)?
0
Let w(y) = y**3 - 4*y**2 + y - 8. Let k be w(5). Let n = k - 14. Calculate the remainder when 31 is divided by n.
7
Suppose 5*s - x = 166, 4*s - 116 = -5*x + 10*x. What is the remainder when s is divided by 2/6 + (-38)/(-3)?
8
Suppose 6*k - 23*k + 459 = 0. What is the remainder when 238 is divided by k?
22
Suppose g - 3*l = 2*g - 13, -g + 28 = -2*l. Let z be ((-21)/35)/((-3)/10). Suppose -z = -2*m + 10. Calculate the remainder when g is divided by m.
4
Suppose 0*o - 2*o - n + 77 = 0, 2*o = -4*n + 92. What is the remainder when 208 is divided by o?
28
Let f = 210 - 131. Suppose 3*x - g - 47 = 0, -2*x - 2*x = -5*g - 59. What is the remainder when f is divided by x?
15
What is the remainder when 21 is divided by 3131/279 + (-4)/18?
10
What is the remainder when 27 + 3 + (-3)/(-3) is divided by 9?
4
Suppose 35*i = 30*i + 250. What is the remainder when i is divided by 17?
16
Let t(w) = w**2 + 16*w - 34. Let x be t(-18). What is the remainder when 2 + (244/x)/1 is divided by 32?
28
Let z(u) be the third derivative of u**5/60 + 7*u**4/24 - 4*u**3/3 - 15*u**2. What is the remainder when 87 is divided by z(3)?
21
Let z = -20 - -23. What is the remainder when (-325)/10*(1 + -3) is divided by 24 - z/((-12)/(-8))?
21
Let h be (-3 + ((-188)/20 - -2))*-5. Let l = h - 46. What is the remainder when l is divided by -3*(-1)/(-2)*-2?
0
What is the remainder when (-62)/(-4) - (-66)/132 is divided by 10?
6
Suppose 9*y - 3*y = 36. What is the remainder when y is divided by 4?
2
Let d = -1 - -4. Suppose -7*l + 20*l - 507 = 0. Calculate the remainder when l is divided by (d + -13)/(-1 + 0).
9
Let n(z) = -16*z - 3. Suppose h - 17 + 7 = 0. What is the remainder when n(-3) is divided by h?
5
Suppose -25*f + 1320 = -3*f. What is the remainder when 299 is divided by f?
59
Let d(t) be the third derivative of -t**5/60 + t**4/4 + t**3/2 - 7*t**2. Calculate the remainder when (2/4)/(4/344) is divided by d(4).
10
Suppose 4*q = -4*p + 2*p - 4, 2*p + 5*q = -6. Suppose -g = p*g - 9. What is the remainder when 16 is divided by 9*(g + -2 + 0)?
7
Let z = 54 + -27. Let d(b) be the second derivative of b**5/20 + 7*b**4/12 + b**3 - 3*b**2 - 3*b. What is the remainder when z is divided by d(-5)?
13
Let h(w) = w**3 - 9*w**2 + 11*w - 11. Let r(a) = -5*a + 10. What is the remainder when r(-3) is divided by h(8)?
12
Calculate the remainder when 3/((-12)/(-20)) - (2 + -8) is divided by 2.
1
Let k(t) = t**2 - 2*t. Let h be k(3). Let g be (-18)/(-3)*h/(-2). Let c(x) = -x - 3. Calculate the remainder when 11 is divided by c(g).
5
Let t = 33 - 0. Suppose -17*z + 103 = -t. What is the remainder when z is divided by 3?
2
Let g(o) = 5*o**3. Let l be (-3)/(-12)*4 - -1. What is the remainder when g(l) is divided by 21?
19
Let g(m) = 43*m**2 + 0*m**2 - 5*m**2 - 1 + 2. Let h = 35 + -14. What is the remainder when g(-1) is divided by h?
18
Let d(b) = b**2 + 6*b + 8. Let i(w) = 30*w**2 + w - 2. Let j be i(-2). Calculate the remainder when ((-2)/(-4))/(2/j) is divided by d(-6).
5
Let l = -169 + 93. Let h = -56 - l. What is the remainder when h is divided by 9?
2
Suppose 219*i - 221*i + 862 = 0. Calculate the remainder when i is divided by 36.
35
Suppose -19*l = -18*l - 2*a - 171, 0 = -3*l + 5*a + 509. What is the remainder when l is divided by 41?
40
Calculate the remainder when (-660)/(-7) - (108/63)/6 is divided by 28.
10
Let d(b) = b**3 + 5*b**2 - 3*b - 5. Let t be d(-5). Let g = t + 0. Calculate the remainder when 32 - ((-2 - -15) + -9) is divided by g.
8
Suppose -2*k + 6*k - 68 = 0. Let z(h) be the second derivative of -h**3/3 + 3*h**2 - 11*h. Calculate the remainder when z